2, 3, 5, 11, 19
List the prime factors of 51265.
5, 10253
What are the prime factors of 11347?
7, 1621
List the prime factors of 129661.
7, 18523
List the prime factors of 37597.
7, 41, 131
What are the prime factors of 12522?
2, 3, 2087
What are the prime factors of 3445?
5, 13, 53
What are the prime factors of 19354?
2, 9677
What are the prime factors of 5603?
13, 431
List the prime factors of 6018.
2, 3, 17, 59
What are the prime factors of 2186?
2, 1093
What are the prime factors of 1032?
2, 3, 43
List the prime factors of 1323.
3, 7
List the prime factors of 15677.
61, 257
What are the prime factors of 172021?
172021
List the prime factors of 2643.
3, 881
What are the prime factors of 216?
2, 3
List the prime factors of 8457.
3, 2819
List the prime factors of 25737.
3, 23, 373
List the prime factors of 885.
3, 5, 59
What are the prime factors of 15761?
15761
What are the prime factors of 5510?
2, 5, 19, 29
What are the prime factors of 91155?
3, 5, 59, 103
List the prime factors of 10565.
5, 2113
What are the prime factors of 1204?
2, 7, 43
List the prime factors of 2903.
2903
List the prime factors of 1382.
2, 691
What are the prime factors of 1324?
2, 331
List the prime factors of 164078.
2, 82039
What are the prime factors of 5726?
2, 7, 409
List the prime factors of 498.
2, 3, 83
What are the prime factors of 3601?
13, 277
List the prime factors of 63645.
3, 5, 4243
What are the prime factors of 11147?
71, 157
What are the prime factors of 1784?
2, 223
What are the prime factors of 44641?
44641
What are the prime factors of 549?
3, 61
What are the prime factors of 1647?
3, 61
What are the prime factors of 39743?
11, 3613
What are the prime factors of 5033?
7, 719
What are the prime factors of 66554?
2, 107, 311
List the prime factors of 106759.
106759
What are the prime factors of 377?
13, 29
What are the prime factors of 15700?
2, 5, 157
What are the prime factors of 4769?
19, 251
List the prime factors of 1971.
3, 73
List the prime factors of 1923.
3, 641
What are the prime factors of 462?
2, 3, 7, 11
What are the prime factors of 15979?
19, 29
What are the prime factors of 451?
11, 41
What are the prime factors of 2087?
2087
List the prime factors of 1108.
2, 277
List the prime factors of 3624.
2, 3, 151
What are the prime factors of 597?
3, 199
What are the prime factors of 32322?
2, 3, 5387
What are the prime factors of 6989?
29, 241
List the prime factors of 222.
2, 3, 37
What are the prime factors of 24811?
43, 577
What are the prime factors of 46491?
3, 15497
What are the prime factors of 31927?
7, 4561
What are the prime factors of 7597?
71, 107
List the prime factors of 9105.
3, 5, 607
List the prime factors of 3645.
3, 5
List the prime factors of 10608.
2, 3, 13, 17
List the prime factors of 406.
2, 7, 29
What are the prime factors of 924?
2, 3, 7, 11
List the prime factors of 7386.
2, 3, 1231
List the prime factors of 201.
3, 67
List the prime factors of 680.
2, 5, 17
What are the prime factors of 21336?
2, 3, 7, 127
List the prime factors of 259.
7, 37
List the prime factors of 1807.
13, 139
List the prime factors of 4296.
2, 3, 179
List the prime factors of 5118.
2, 3, 853
What are the prime factors of 1079?
13, 83
What are the prime factors of 1400?
2, 5, 7
List the prime factors of 832.
2, 13
List the prime factors of 32832.
2, 3, 19
List the prime factors of 59865.
3, 5, 13, 307
What are the prime factors of 6832?
2, 7, 61
List the prime factors of 32128.
2, 251
List the prime factors of 12721.
12721
What are the prime factors of 122961?
3, 17, 2411
List the prime factors of 5999.
7, 857
What are the prime factors of 2988?
2, 3, 83
List the prime factors of 83217.
3, 27739
List the prime factors of 1109.
1109
What are the prime factors of 1883?
7, 269
What are the prime factors of 3684?
2, 3, 307
What are the prime factors of 262?
2, 131
What are the prime factors of 167341?
167341
What are the prime factors of 13934?
2, 6967
What are the prime factors of 10558?
2, 5279
List the prime factors of 1095.
3, 5, 73
List the prime factors of 3732.
2, 3, 311
List the prime factors of 57734.
2, 28867
What are the prime factors of 280?
2, 5, 7
List the prime factors of 5842.
2, 23, 127
List the prime factors of 2432.
2, 19
List the prime factors of 811.
811
What are the prime factors of 104446?
2, 52223
List the prime factors of 4886.
2, 7, 349
What are the prime factors of 3550?
2, 5, 71
What are the prime factors of 166817?
7, 23831
List the prime factors of 18063.
3, 223
What are the prime factors of 449?
449
What are the prime factors of 3207?
3, 1069
What are the prime factors of 468?
2, 3, 13
List the prime factors of 12707.
97, 131
What are the prime factors of 114166?
2, 13, 4391
List the prime factors of 124874.
2, 29, 2153
List the prime factors of 8369.
8369
What are the prime factors of 16498?
2, 73, 113
List the prime factors of 10548.
2, 3, 293
What are the prime factors of 851?
23, 37
What are the prime factors of 42?
2, 3, 7
List the prime factors of 1787.
1787
What are the prime factors of 124516?
2, 7, 4447
List the prime factors of 467.
467
List the prime factors of 89430.
2, 3, 5, 11, 271
What are the prime factors of 48970?
2, 5, 59, 83
List the prime factors of 7538.
2, 3769
List the prime factors of 68802.
2, 3, 11467
What are the prime factors of 10299?
3, 3433
List the prime factors of 990.
2, 3, 5, 11
What are the prime factors of 5475?
3, 5, 73
List the prime factors of 478.
2, 239
What are the prime factors of 2305?
5, 461
List the prime factors of 10792.
2, 19, 71
List the prime factors of 221.
13, 17
List the prime factors of 152585.
5, 30517
List the prime factors of 34776.
2, 3, 7, 23
List the prime factors of 2533.
17, 149
List the prime factors of 1429.
1429
What are the prime factors of 978?
2, 3, 163
List the prime factors of 98801.
98801
List the prime factors of 140903.
7, 20129
List the prime factors of 34922.
2, 19, 919
List the prime factors of 6496.
2, 7, 29
List the prime factors of 36196.
2, 9049
What are the prime factors of 11716?
2, 29, 101
List the prime factors of 541.
541
List the prime factors of 3384.
2, 3, 47
What are the prime factors of 71538?
2, 3, 11923
What are the prime factors of 9641?
31, 311
What are the prime factors of 461?
461
List the prime factors of 18475.
5, 739
List the prime factors of 443.
443
What are the prime factors of 41010?
2, 3, 5, 1367
List the prime factors of 503.
503
What are the prime factors of 15836?
2, 37, 107
List the prime factors of 27889.
167
List the prime factors of 1206.
2, 3, 67
What are the prime factors of 2494?
2, 29, 43
What are the prime factors of 30392?
2, 29, 131
What are the prime factors of 1915?
5, 383
List the prime factors of 1619.
1619
List the prime factors of 2558.
2, 1279
List the prime factors of 2956.
2, 739
What are the prime factors of 16878?
2, 3, 29, 97
List the prime factors of 8678.
2, 4339
What are the prime factors of 14574?
2, 3, 7, 347
What are the prime factors of 1625?
5, 13
What are the prime factors of 23291?
23291
List the prime factors of 34228.
2, 43, 199
What are the prime factors of 18596?
2, 4649
What are the prime factors of 6203?
6203
List the prime factors of 1322.
2, 661
What are the prime factors of 10285?
5, 11, 17
List the prime factors of 2674.
2, 7, 191
List the prime factors of 1998.
2, 3, 37
What are the prime factors of 1363?
29, 47
What are the prime factors of 23226?
2, 3, 7, 79
What are the prime factors of 1359?
3, 151
List the prime factors of 10029.
3, 3343
List the prime factors of 5465.
5, 1093
What are the prime factors of 10952?
2, 37
List the prime factors of 5860.
2, 5, 293
List the prime factors of 2626.
2, 13, 101
What are the prime factors of 4370?
2, 5, 19, 23
List the prime factors of 44598.
2, 3, 7433
List the prime factors of 13707.
3, 1523
What are the prime factors of 134528?
2, 1051
What are the prime factors of 18985?
5, 3797
What are the prime factors of 1457?
31, 47
List the prime factors of 36928.
2, 577
What are the prime factors of 26853?
3, 8951
What are the prime factors of 19185?
3, 5, 1279
List the prime factors of 1296.
2, 3
List the prime factors of 3878.
2, 7, 277
What are the prime factors of 15233?
15233
What are the prime factors of 8559?
3,